2 - -72). Let r = -56 + w. Calculate the remainder when 48 is divided by r.
14
Let k(y) = -14*y**2 - 3*y + 2. Let m be k(1). Let g = 48 - m. What is the remainder when g is divided by 8?
7
Suppose 0 = 4*a - 94 - 14. Calculate the remainder when 106 is divided by a.
25
Suppose -y - 40 = -3*y - 2*r, 2*r = -5*y + 94. Let s(z) = 3*z + 1. Let u be s(2). Suppose -v + 28 = -u. What is the remainder when v is divided by y?
17
Let b(n) = -2*n**2 + 0*n**2 + n**2 - 14 + 7*n + 3*n**2. What is the remainder when b(-7) is divided by (-3*2)/3 - -14?
11
What is the remainder when 100 is divided by 136/(-156)*3*-13?
32
Let z be (18 - 16)/(4/(-30)). Let d = 82 + z. Let n(b) = -b**3 + b - 1. Calculate the remainder when d is divided by n(-3).
21
Let b(h) be the first derivative of 2*h**3/3 - 11*h**2/2 - 3. What is the remainder when b(7) is divided by 11?
10
Let a(s) = 7*s - 2. Let n(c) = -2*c. Let u(h) = 2*a(h) + 6*n(h). Suppose -4*l = -l - 21. Calculate the remainder when u(l) is divided by 3.
1
Calculate the remainder when 35/1 + 20 + -15 is divided by 22.
18
Let y(d) = 6*d + 4. Let n(u) = -13*u - 7. Let t(c) = -3*n(c) - 7*y(c). Suppose 65*r = -144 - 116. What is the remainder when t(r) is divided by 2?
1
Let v(i) = -70*i - 42. What is the remainder when 130 is divided by v(-1)?
18
Suppose 9*r = 4*r + 10. Suppose r*n - 41 = 61. What is the remainder when n is divided by 28?
23
Let l = -400 - -414. What is the remainder when 24 is divided by l?
10
Let s(c) = -29*c - 17. What is the remainder when s(-7) is divided by 17?
16
Suppose 5*r = -3*f - 77, -4*r = 4*f - 5*f - 37. Let t = 40 + f. Calculate the remainder when 74 is divided by t.
8
Let u(i) = i**2 - 9*i - 8. What is the remainder when 105 is divided by u(12)?
21
Suppose 2*p + 14 = 52. Let g = -19 - -24. What is the remainder when p is divided by g?
4
What is the remainder when 57 is divided by 92/13 - (-4)/(-52)?
1
Let s = -40 + -47. Let k = 158 + s. What is the remainder when k is divided by 37?
34
Suppose 71 = 4*f - 3*u, -2*f - 3*u + 74 = 25. Suppose -4*g = v - 315, 0*g = -4*g - 3*v + 313. Calculate the remainder when g is divided by f.
19
Suppose 2*y - 858 = -5*p, -4*p - 415 = -y - 3*p. Calculate the remainder when y is divided by 15.
14
Let s(x) = -x**2 + 18*x - 41. Let d be s(16). What is the remainder when 28 is divided by (-3)/(-2) + ((-126)/4)/d?
3
Suppose 7*z = 2*z. Suppose 0 = -2*r - z*r + 70. Suppose 0 = 9*q + 22 - 103. What is the remainder when r is divided by q?
8
Calculate the remainder when ((-6)/(-13 + -5))/(1/969) is divided by 56.
43
Let i(d) = -30*d**2 + 19*d - 5. Let h(n) = 15*n**2 - 10*n + 3. Let m(j) = -7*h(j) - 4*i(j). Calculate the remainder when m(3) is divided by 39.
38
Let t(o) = -103*o**3 - 40*o - 39. Let j(g) = -11*g**3 + g**2. Calculate the remainder when t(-1) is divided by j(-1).
8
Suppose 64*o + 260 = 74*o. Suppose 2*b - 3*g + 189 = 4*b, 405 = 4*b - 3*g. What is the remainder when b is divided by o?
21
Suppose -2*a = -3*a - 3. Let o be (a + 2)*-3 + 3. Suppose -8*j = -7*j - o. What is the remainder when 9 is divided by j?
3
Let v = 230 + -199. Calculate the remainder when 137 is divided by v.
13
Suppose -3*a + y + 8 = 0, 4*a - 20 = -5*y + 16. Suppose -8*i = -16*i + 88. What is the remainder when i is divided by a?
3
Let z(w) = 157*w - 149. Calculate the remainder when z(6) is divided by 53.
51
Suppose 0*m - 10 = -2*m. Suppose m = -x + 7. Suppose w - t = 19, -w + 0*t + x*t + 17 = 0. What is the remainder when w is divided by 6?
3
Let i(j) = 4*j**2 + 15*j - 49. What is the remainder when i(3) is divided by 13?
6
What is the remainder when 58 is divided by (288/(-21) - -4)/((-4)/14)?
24
Let d = 269 + -208. Calculate the remainder when 853 is divided by d.
60
Suppose 2*k = 3*m + 89, -3*k + 3*m + 141 = 6*m. Calculate the remainder when k is divided by 28.
18
Suppose 5047 + 2057 = 32*l. What is the remainder when l is divided by 25?
22
Let m(b) = 69*b**2 - b - 1. What is the remainder when m(1) is divided by 10?
7
Let x = -176 + 241. Suppose -12*z + 20*z = 136. Calculate the remainder when x is divided by z.
14
Let f(r) = -r**2 + 22*r - 72. Let g be f(19). Suppose -3*k = 438 - 60. Calculate the remainder when 15 is divided by (-6)/15 + k/g.
7
Suppose 0 = -11*z - 401 + 2755. What is the remainder when z is divided by 77?
60
Suppose 3*j = 4*x - 74, 3*x + 2*x - 2*j - 89 = 0. Calculate the remainder when 7*-1*423/(-63) is divided by x.
13
Suppose 16 = 5*d + 6. Let g = -11 + 19. Calculate the remainder when g is divided by ((-11)/4 + d)*-4.
2
Let s(y) = y**2 - 5*y + 5. Suppose 5*m - 8 = 12. Let b be 1/m - (-69)/12. What is the remainder when s(b) is divided by 6?
5
Let u = -541 + 581. Calculate the remainder when 677 is divided by u.
37
Suppose -4*r + 1804 - 1736 = 0. Calculate the remainder when r is divided by ((-12)/10)/(2/(-5)).
2
Suppose -7*r + 70 = -5*r. Let s = -16 - -25. What is the remainder when r is divided by s?
8
Let d = -386 - -404. What is the remainder when d is divided by 6?
0
Let h = -5 - -64. Let x = h + -34. Calculate the remainder when x is divided by 8.
1
What is the remainder when 13 + -15 + 1/((-2)/(-224)) is divided by 31?
17
Let g = 270 - 245. Calculate the remainder when 96 is divided by g.
21
Let x = 30 + -18. Suppose 11*g = 16*g + 630. Let i = -80 - g. What is the remainder when i is divided by x?
10
What is the remainder when 70 is divided by 7 - (5 - 44) - 7?
31
Let d(f) = f**2 + 3*f + 2. What is the remainder when d(3) is divided by (-2)/(-8) - 7426/(-632)?
8
Suppose 0 = -2*k + k - 1, -2*d + 4*k = -36. Suppose 3*c + 4 = 4*c. What is the remainder when -1 + c/((-16)/(-124)) is divided by d?
14
Suppose -92 = -2*z - 56. What is the remainder when ((-6)/z)/(2/(-36)) is divided by 2?
0
Suppose -4*d = -d + 54. Let p = 27 + d. Let i = 104 + -71. Calculate the remainder when i is divided by p.
6
Let f(z) = z**2 - 5*z + 18. Calculate the remainder when f(4) is divided by 2 + -4 + 0 + 10.
6
Let n = 115 - -18. Suppose 3*q + n + 56 = 5*r, 3*r + 4*q = 125. Calculate the remainder when r is divided by 6.
3
Let j = -21 - 9. Let d = -20 - j. What is the remainder when 28 is divided by d?
8
Let f = 0 + -4. Let t = f - -22. Calculate the remainder when (-4)/(-10) - 526/(-10) is divided by t.
17
Suppose 2896 = 10*j + 1526. What is the remainder when j is divided by 7?
4
Suppose -159*l + 170*l = 1243. What is the remainder when l is divided by 9?
5
Let v(t) = 5*t - 4*t - 17 + 5*t + 6*t. What is the remainder when v(5) is divided by 15?
13
Let k be ((-4)/(-1))/(0 - -1). Suppose k*q = q + 105. Calculate the remainder when q is divided by 12.
11
Suppose 40*a - 3890 - 150 = 0. Calculate the remainder when a is divided by 8.
5
Let z(w) = -w**3 + 7*w**2 - 3*w + 2. What is the remainder when 144 is divided by z(5)?
33
Let a be ((-1)/15 - 14/(-35))*0. Suppose n + a*n + 15 = i, 5*n - 5 = 0. Calculate the remainder when i is divided by 3.
1
Let w = -66 - -29. Let z = w - -47. What is the remainder when z is divided by 30/9*6/5?
2
Suppose 2*z + c + 2*c = 151, 0 = 5*z + 4*c - 381. Suppose -14*a + z = -3*a. What is the remainder when 11 - (3/(-1))/3 is divided by a?
5
Let b(d) be the third derivative of 17*d**5/15 + d**4/12 + d**3/6 + 5*d**2 + 2. What is the remainder when b(1) is divided by 20?
11
Let v(t) = t**2 - 4*t - 6. Let y be v(7). Suppose 0*x + y = 5*x, 2*x - 8 = -q. Let p(d) = 5*d**2 + 2*d. What is the remainder when 47 is divided by p(q)?
23
Let f be (-4)/6*(-18)/4. Let i(l) = -2*l - 1. Calculate the remainder when i(-4) is divided by ((-2)/f)/(2/(-6)).
1
Suppose -3*y + 3 = -2*y, -y = -5*s + 22. Suppose -6 - 8 = -2*z. Calculate the remainder when z is divided by s.
2
Suppose o - 12 = 34. Suppose 0 = 4*b - 8 - 40. Calculate the remainder when o is divided by b.
10
Let p be 3*((-4)/12 + -1). Let d = p - -3. Let t(l) = 8*l**2 - l - 1. Calculate the remainder when 13 is divided by t(d).
5
Suppose -102 - 14 = -4*r + 4*v, 2*r = -5*v + 86. Suppose -4*d + 9*d = 65. Let p(z) = 10*z + 1. Calculate the remainder when p(d) is divided by r.
32
Let f be 20/6*18/15. Suppose 0 = 3*p - 4*p - 2*g + 8, -5*p = 3*g - 47. What is the remainder when (1 - -22) + (f - 8) is divided by p?
9
Suppose 5*x - 54 = -13*x. Suppose f - 48 = -x*h, h = f + 2*f - 114. Let u(c) = 5*c. What is the remainder 